Let k(r) = 5*r + 1. Let a(p) = -9*p - 2. Let i(w) = -3*a(w) - 5*k(w). Give i(y).
15
Let y(v) = 12*v**2 - 24*v**2 - 15*v**2 + 3*v**2. Calculate y(1).
-24
Let t(h) = -h**3 + 3*h**2 - 13*h**2 - 10 + 2*h**2 - h. Give t(-8).
-2
Let g = 214 - -46. Let c(r) = -8*r + g - 260. Calculate c(-2).
16
Let p(s) = 6*s + 0*s + 2 - 7*s. Let n be p(-1). Let l(w) = w**3 - 2*w**2 - 2. Determine l(n).
7
Let x(p) = -3*p**3 + 5*p - 2*p**3 - 5*p**2 + 3 + 5*p**3 + p**3 + 12*p**2. Let l = -7 + 1. What is x(l)?
9
Let x(q) = 12*q - 4. Suppose 0 = -g - d, -2*g - g = 2*d + 4. Let h(w) = -12*w + 5. Let c(o) = g*h(o) - 5*x(o). What is c(1)?
-12
Suppose 5*r - 3*j + 25 = 0, 60 = -2*r - j + 50. Let f(c) = c**2 + 8*c + 3. Determine f(r).
-12
Let w(l) = l - 5. Let j = -295 - -293. Give w(j).
-7
Suppose 2*m - 6 - 2 = 0. Suppose -10 + 38 = m*j. Let g(v) = -5*v + 8. Let b(r) = 14*r - 23. Let k(y) = 6*b(y) + 17*g(y). Calculate k(j).
-9
Let s(f) be the third derivative of -f**4/12 - 7*f**3/2 + 19*f**2. Let a be s(-10). Let c(b) = 11*b. Determine c(a).
-11
Let x = 1726 - 1100. Let h(u) = 632 - 2*u + 0*u - x + 5*u. Calculate h(-4).
-6
Suppose -9*d + 6*d = 0. Suppose 4*b - 3*q - 15 = 0, d = -5*b + 3*b - 5*q + 1. Let n(w) = w**2 + w - 4. Give n(b).
8
Let a(d) be the first derivative of -d**3/3 - 7*d**2/2 - 14*d + 8. Let s(m) be the first derivative of a(m). What is s(-6)?
5
Let l(v) be the first derivative of v**4/4 - 14*v**3/3 - v**2/2 + 17*v - 15. Give l(14).
3
Let s(y) be the third derivative of y**5/60 + 3*y**4/8 - y**3/6 + 235*y**2. Calculate s(-9).
-1
Let s = 169 + -164. Let b(h) = -h**3 + 4*h**2 + 2*h + 4. What is b(s)?
-11
Let l(n) = -n**3 + 7*n**2 - 6*n + 15. Suppose -133 = -50*h + 31*h. What is l(h)?
-27
Let k(s) = 2*s - 8. Let u be k(10). Let i(m) = -m + 18. Let q be i(u). Let t(l) = l**3 - 6*l**2 - 2*l - 4. Calculate t(q).
-16
Let g be -2*4/(-3)*9. Let q = -30 + g. Let y(i) = i. Let k(t) = 4*t + 1. Let j(x) = -k(x) + 3*y(x). Calculate j(q).
5
Let l(v) be the third derivative of -1/2*v**3 - 1/12*v**4 - 41*v**2 + 0 - 1/60*v**5 + 0*v. Calculate l(-3).
-6
Let q(w) = -5*w - 2. Let d(s) = 11*s + 5. Let g(v) = 3*d(v) + 7*q(v). Let r = 141 + -147. Let h = -11 - r. Give g(h).
11
Let f(r) = -16*r**3 + 41*r**2 - 14*r - 10. Let h(d) = -3*d**3 + 8*d**2 - 3*d - 2. Let w(n) = -2*f(n) + 11*h(n). Give w(4).
10
Suppose 14*p = -55 - 43. Let b be (-2)/(5/6 + p/42). Let v(x) = x**3 + x**2 - 4*x - 3. Calculate v(b).
-9
Let q(o) = -7*o - 2 + 10*o + 15 - 2*o. Calculate q(-8).
5
Let n(z) = 5*z**3 - 12*z**2 - 18*z + 6. Let p(b) = -14*b**3 + 34*b**2 + 51*b - 18. Let h(k) = -11*n(k) - 4*p(k). Calculate h(5).
1
Let u(g) = -9*g - 11. Let t(p) = 5*p + 6. Let s(j) = j**3 - 20*j**2 - 21*j - 4. Let n be s(21). Let i(c) = n*u(c) - 7*t(c). Give i(0).
2
Suppose 5*h + 25 = -4*r, -31*h - 11 = 2*r - 30*h. Let z(v) = v**2 + 6*v - 6. Determine z(r).
-11
Let f(q) = 4*q**2 - q - 1. Let n be f(-1). Let v(d) be the third derivative of d**4/12 - d**3/6 + d**2 - 78. Give v(n).
7
Let t be ((-15)/(-6))/((-1)/(-2)). Let d(l) = 1. Let r(u) = u + 9. Suppose -5*s + 11 = 16. Let g(x) = s*r(x) + t*d(x). What is g(0)?
-4
Suppose -2*u + p + 334 = 2*u, 3*u - 259 = 5*p. Let k(m) = 3 - 5 - 72*m**2 + 1 + u*m**2. Give k(1).
10
Let z(x) = 4*x - x + 0*x + 2. Suppose 0 = -2*g - 2*b, g - 5*b = -7 - 11. Calculate z(g).
-7
Let x(t) = -t**2 - 2*t. Let b be (5/10)/(2/(-4)) - 3. Determine x(b).
-8
Let i(g) be the first derivative of g**2 - 2*g - 35. Determine i(-1).
-4
Let s be 8/(-20) + (-24)/(-10). Let v(i) be the third derivative of -1/30*i**5 - 8*i**2 + 0*i + 1/12*i**4 - 1/2*i**3 + 0. Give v(s).
-7
Let x(f) = 2*f. Suppose 0 = -19*i + 16*i + 12. Let s be (0 - -11)/(-1) + i. Calculate x(s).
-14
Let p be ((-3)/3)/(4/(-8)). Let s be (((-16)/(-12))/p)/(6/(-27)). Let j(g) = -g**2 - 6*g - 4. What is j(s)?
5
Let u(c) = -4 + 32*c - 15*c - 14*c. Let z(o) = -o**2 + 2*o + 4. Let s be z(0). What is u(s)?
8
Let p(g) = g - 2 - 1 + 0. Suppose -5 = x + l, 5*l + 4 = -x + 19. Let s be (-20)/20 + x/(-2). Calculate p(s).
1
Let x(n) = n**3 - 2*n**2 - 2*n + 2. Let l(o) = 8*o**3 + 2 - 4*o**2 - 14*o**3 + 5*o**3. Let k be l(-3). Let t(s) = -s**2 - 7*s - 2. Let r be t(k). What is x(r)?
-10
Let p(v) = -3*v + 4*v + 0*v - 10. Let l(u) = 3*u + 9. Let a be l(9). Suppose 10*w = 4*w + a. Give p(w).
-4
Suppose -78*k + 4 = -74*k. Let q(a) = 0*a - 3*a + a - k - 3*a. Suppose 0 = -n - 2. What is q(n)?
9
Let l(d) = -4*d + 1 + 1 - 4 - 3*d**2 + d. Let o be 2/8 - (-369)/(-36). Let r be (1 - o/(-2))/2. Give l(r).
-8
Let v(h) be the second derivative of 5*h**4/12 + h**3/6 + 2*h**2 - 238*h. Calculate v(-2).
22
Let z be -6*8/(-42)*(-7)/(-2). Let y(u) = -4 + u - z - 3. Determine y(8).
-3
Let m be (-12)/4 + 0/(-1). Let i(h) = -7*h - 5. Let x(y) = -8*y - 6. Let l(g) = m*x(g) + 4*i(g). Let z be (5/2 - 2/4)*-1. Calculate l(z).
6
Let p be -11 + 4 + 3 + 25. Let j = p + -21. Let d(t) = -11*t + 5. Let c(f) = 4*f - 2. Let v(i) = 8*c(i) + 3*d(i). What is v(j)?
-1
Let p be ((-42)/15)/((-6)/15). Suppose 5 = -2*v + p*v. Let o(i) = 2*i**2 + 7*i**2 + 3*i**2 + 1 - i. What is o(v)?
12
Let v(z) = -2*z**3 - 5*z - 59*z**2 + 5*z**3 + 27 + 75*z**2 - 11*z - 2*z**3. What is v(-17)?
10
Let y(g) = -5*g**3 - 21*g**2 + 5*g - 1. Let w(a) = -6*a**3 - 23*a**2 + 6*a - 3. Let l(p) = -6*w(p) + 7*y(p). Give l(9).
2
Let u(z) = -z**2 + 6*z - 3. Let x(n) = 1. Let k(i) = u(i) + 3*x(i). Calculate k(3).
9
Let y(c) be the second derivative of -c**3/2 - 3*c**2/2 - 8*c. Let p be y(-2). Let v(m) = -6*m + 3*m + p*m + m + 1. Calculate v(-5).
-4
Let m(x) be the first derivative of x**3/3 - 4*x**2 + 6*x + 1. Let d be ((-41)/2)/(2/(-4)). Suppose -6*p = -d + 5. Determine m(p).
-6
Let k(g) = -2*g - 13. Let x be k(9). Let o = x + 29. Let n(a) = a**2 - a. Give n(o).
6
Let m(x) = x**2 - 14*x - 4. Let s be ((-112)/(-20))/((-2)/(-5)) - 0. Give m(s).
-4
Let i(r) = -10*r**2 + 94*r + 53. Let k be i(10). Let q(u) = -u**2 - 3*u + 11. Give q(k).
-17
Let k(w) = w**2 - 6*w - 1. Let h = 85 + -80. What is k(h)?
-6
Let i(g) = -9*g**2 + 6*g - 5. Let l(a) = -2*a**2 + 1. Let b(w) = -i(w) + 5*l(w). Determine b(-6).
10
Suppose -108 + 114 = 2*c. Suppose b = -u + 3, 2 = -3*u + 5*b + 3. Let x(o) = 3*o - 3*o**2 - 2*o**2 + 0 + 4*o**u - 2. Give x(c).
-2
Suppose -19 = 5*a - 74. Suppose a*p - 7*p - 20 = 0. Let i(q) = -q + 3*q + 0*q. Calculate i(p).
10
Let p be 70/385 - (-229)/(-1320). Let d(k) be the third derivative of 0*k + p*k**6 - 10*k**2 + 0*k**5 + 0*k**4 + 0 + 2/3*k**3. Give d(0).
4
Let f(y) = 5*y + 8. Let j(t) = t + 2. Let x(c) = -2*f(c) + 9*j(c). Let i be x(-15). Let g = i + -13. Let k(s) = -s + 2. Calculate k(g).
-2
Let g(z) = -3*z. Let m be g(2). Let l(k) = 0*k + 96 - 25 - 65 + 2*k. What is l(m)?
-6
Let s = 162 + -165. Let z(g) = 2*g**2 - 2*g + 4. Give z(s).
28
Suppose 4*g = -5 + 25. Suppose -3 = -3*b + 2*b. Let i(w) = 5*w**2 - w**3 + 2*w**3 - 2 + w**2 - 5*w - 2*w**b. Give i(g).
-2
Suppose -3*f + 58 = 2*m + 23, -4*m - 5*f = -65. Suppose -2 = 4*g + 3*n, -g + 5*n - m = n. Let a(k) = -3*k**2 + 3*k + 2. Determine a(g).
-16
Let t(k) = -k**2 + 8*k + 40. Let z be t(12). Let n(h) = -2*h + 8. What is n(z)?
24
Let k(z) be the second derivative of z**4/12 - z**3/6 + z**2/2 - 107*z + 2. Determine k(0).
1
Let g(v) = -4*v**2 - 2*v + 2. Let o(u) = u**2 - 4*u - 7. Let r be o(6). Suppose -t + 24 + 27 = r*a, 0 = 5*a + 4*t - 54. Suppose 0 = -5*z - a. Determine g(z).
-10
Let f be (-13 + 1)*(-5)/3. Suppose w - f = 5*w. Let i = w - -9. Let k(m) = -m**3 + 6*m**2 - 7*m + 5. Calculate k(i).
9
Let t(p) = -3*p - 5. Let q be t(-4). Let j(s) = s + 18*s**2 - 17*s**2 + 4 + q*s. Determine j(-8).
4
Let q be -4*((-189)/12 + -2). Let s = -25 + q. Let h(r) = -41*r + r**2 - 5 + s*r + 1. What is h(-6)?
2
Let l(s) = -s + 4. Suppose -5*w - 8*z - 31 = -12*z, -5*z = -2*w - 26. Give l(w).
7
Let t(m) = -19*m**2 + 2*m**3 - m**3 + 19*m**2. Suppose 13*s - 11*s = 2. What is t(s)?
1
Let d(q) = 18*q + 11*q**2 - 44 + 0*q**3 - 5*q - 2*q**3 + 26 + q**3. Give d(12).
-6
Let i(s) = s**3 - 10*s**2 + 9*s. Let g be i(9). Suppose -4*t + 2*y + 0*y = g, 2*t - 6 = -2*y. Let n(b) = 12*b**3 - b. What is n(t)?
11
Let c(z) = -z + 1 - 2 + 0. Let a(y) = y + 3. Let k(u) = -a(u) - 3*c(u). Let l = 301 + -303. Give k(l).
-4
Suppose 2*x + 22 = -252*k + 256*k, -5*x - 62 = -3*k. Let p(z) = -z - 25. What is p(x)?
-12
Let t(q) = -q*